of 7541.
7541
What are the prime factors of 755?
5, 151
What are the prime factors of 64397?
71, 907
List the prime factors of 66145.
5, 13229
List the prime factors of 32411.
32411
List the prime factors of 14275.
5, 571
What are the prime factors of 123808?
2, 53, 73
What are the prime factors of 564?
2, 3, 47
What are the prime factors of 41513?
41513
What are the prime factors of 569?
569
What are the prime factors of 87144?
2, 3, 3631
What are the prime factors of 13942?
2, 6971
List the prime factors of 2474.
2, 1237
List the prime factors of 10662.
2, 3, 1777
What are the prime factors of 83426?
2, 7, 59, 101
What are the prime factors of 17477?
17477
What are the prime factors of 6155?
5, 1231
List the prime factors of 110896.
2, 29, 239
List the prime factors of 91075.
5, 3643
What are the prime factors of 2508?
2, 3, 11, 19
What are the prime factors of 612?
2, 3, 17
List the prime factors of 3890.
2, 5, 389
What are the prime factors of 15533?
7, 317
What are the prime factors of 1749?
3, 11, 53
List the prime factors of 87930.
2, 3, 5, 977
List the prime factors of 81545.
5, 47, 347
List the prime factors of 16277.
41, 397
What are the prime factors of 49660?
2, 5, 13, 191
What are the prime factors of 1532?
2, 383
What are the prime factors of 4588?
2, 31, 37
List the prime factors of 2183.
37, 59
List the prime factors of 1758.
2, 3, 293
List the prime factors of 190755.
3, 5, 157
List the prime factors of 59762.
2, 29881
List the prime factors of 21068.
2, 23, 229
What are the prime factors of 30718?
2, 15359
What are the prime factors of 11064?
2, 3, 461
What are the prime factors of 1121?
19, 59
List the prime factors of 4394.
2, 13
What are the prime factors of 31886?
2, 107, 149
What are the prime factors of 267?
3, 89
What are the prime factors of 19820?
2, 5, 991
List the prime factors of 50809.
11, 31, 149
List the prime factors of 1724.
2, 431
List the prime factors of 8370.
2, 3, 5, 31
List the prime factors of 110576.
2, 6911
List the prime factors of 8315.
5, 1663
List the prime factors of 67637.
239, 283
What are the prime factors of 3157?
7, 11, 41
List the prime factors of 11300.
2, 5, 113
What are the prime factors of 13465?
5, 2693
List the prime factors of 702.
2, 3, 13
List the prime factors of 1583.
1583
What are the prime factors of 268?
2, 67
What are the prime factors of 386?
2, 193
What are the prime factors of 276?
2, 3, 23
What are the prime factors of 97294?
2, 48647
List the prime factors of 39837.
3, 7, 271
List the prime factors of 50627.
50627
What are the prime factors of 2173?
41, 53
List the prime factors of 166501.
31, 41, 131
What are the prime factors of 5148?
2, 3, 11, 13
List the prime factors of 513.
3, 19
List the prime factors of 2452.
2, 613
What are the prime factors of 57086?
2, 17, 23, 73
List the prime factors of 838.
2, 419
What are the prime factors of 1860?
2, 3, 5, 31
List the prime factors of 23899.
23899
What are the prime factors of 93430?
2, 5, 9343
What are the prime factors of 20207?
11, 167
List the prime factors of 3207.
3, 1069
List the prime factors of 54786.
2, 3, 23, 397
List the prime factors of 72923.
72923
List the prime factors of 377.
13, 29
What are the prime factors of 1461?
3, 487
What are the prime factors of 4247?
31, 137
List the prime factors of 4673.
4673
What are the prime factors of 20015?
5, 4003
What are the prime factors of 3692?
2, 13, 71
What are the prime factors of 261?
3, 29
List the prime factors of 137451.
3, 45817
What are the prime factors of 154?
2, 7, 11
List the prime factors of 1354.
2, 677
What are the prime factors of 472?
2, 59
List the prime factors of 2104.
2, 263
What are the prime factors of 1067?
11, 97
List the prime factors of 1482.
2, 3, 13, 19
What are the prime factors of 116?
2, 29
What are the prime factors of 1165?
5, 233
What are the prime factors of 190?
2, 5, 19
List the prime factors of 3958.
2, 1979
List the prime factors of 1782.
2, 3, 11
What are the prime factors of 11463?
3, 3821
What are the prime factors of 976?
2, 61
What are the prime factors of 1139?
17, 67
List the prime factors of 79707.
3, 163
List the prime factors of 1837.
11, 167
What are the prime factors of 2773?
47, 59
What are the prime factors of 5272?
2, 659
What are the prime factors of 113265?
3, 5, 839
What are the prime factors of 202?
2, 101
List the prime factors of 3088.
2, 193
What are the prime factors of 59219?
59219
List the prime factors of 111067.
11, 23, 439
List the prime factors of 20495.
5, 4099
What are the prime factors of 211?
211
List the prime factors of 114598.
2, 11, 5209
What are the prime factors of 205?
5, 41
What are the prime factors of 119?
7, 17
List the prime factors of 17032.
2, 2129
List the prime factors of 5010.
2, 3, 5, 167
What are the prime factors of 949?
13, 73
List the prime factors of 20336.
2, 31, 41
What are the prime factors of 18693?
3, 31, 67
What are the prime factors of 61690?
2, 5, 31, 199
What are the prime factors of 21645?
3, 5, 13, 37
List the prime factors of 858.
2, 3, 11, 13
What are the prime factors of 65091?
3, 13, 1669
List the prime factors of 639.
3, 71
List the prime factors of 2228.
2, 557
What are the prime factors of 18657?
3, 691
What are the prime factors of 209801?
209801
What are the prime factors of 752?
2, 47
What are the prime factors of 9551?
9551
List the prime factors of 8483.
17, 499
List the prime factors of 30688.
2, 7, 137
What are the prime factors of 40762?
2, 89, 229
List the prime factors of 16844.
2, 4211
What are the prime factors of 7016?
2, 877
List the prime factors of 8139.
3, 2713
List the prime factors of 5223.
3, 1741
What are the prime factors of 626?
2, 313
What are the prime factors of 4870?
2, 5, 487
What are the prime factors of 695?
5, 139
What are the prime factors of 12426?
2, 3, 19, 109
What are the prime factors of 1352?
2, 13
List the prime factors of 48656.
2, 3041
List the prime factors of 38454.
2, 3, 13, 17, 29
List the prime factors of 3254.
2, 1627
List the prime factors of 24112.
2, 11, 137
List the prime factors of 154489.
19, 47, 173
List the prime factors of 101.
101
List the prime factors of 5871.
3, 19, 103
List the prime factors of 14837.
37, 401
List the prime factors of 184.
2, 23
What are the prime factors of 75671?
31, 2441
What are the prime factors of 60946?
2, 31, 983
List the prime factors of 19548.
2, 3, 181
List the prime factors of 77516.
2, 19379
List the prime factors of 1697.
1697
What are the prime factors of 25989?
3, 8663
List the prime factors of 17999.
41, 439
What are the prime factors of 20549?
20549
List the prime factors of 7704.
2, 3, 107
What are the prime factors of 11001?
3, 19, 193
What are the prime factors of 2398?
2, 11, 109
What are the prime factors of 8974?
2, 7, 641
List the prime factors of 14632.
2, 31, 59
What are the prime factors of 51709?
7, 83, 89
What are the prime factors of 173746?
2, 109, 797
What are the prime factors of 1040?
2, 5, 13
What are the prime factors of 492?
2, 3, 41
List the prime factors of 5715.
3, 5, 127
What are the prime factors of 19607?
7, 2801
List the prime factors of 11641.
7, 1663
List the prime factors of 16597.
7, 2371
What are the prime factors of 150280?
2, 5, 13, 17
What are the prime factors of 178?
2, 89
List the prime factors of 588.
2, 3, 7
What are the prime factors of 88766?
2, 44383
What are the prime factors of 1828?
2, 457
List the prime factors of 836.
2, 11, 19
List the prime factors of 735.
3, 5, 7
What are the prime factors of 1741?
1741
List the prime factors of 75647.
11, 13, 23
What are the prime factors of 805?
5, 7, 23
List the prime factors of 67844.
2, 7, 2423
List the prime factors of 4870.
2, 5, 487
What are the prime factors of 4458?
2, 3, 743
List the prime factors of 36102.
2, 3, 11, 547
List the prime factors of 27907.
11, 43, 59
What are the prime factors of 101992?
2, 11, 19, 61
What are the prime factors of 2049?
3, 683
List the prime factors of 68049.
3, 7561
What are the prime factors of 28674?
2, 3, 59
What are the prime factors of 7019?
7019
List the prime factors of 872.
2, 109
What are the prime factors of 4146?
2, 3, 691
What are the prime factors of 12078?
2, 3, 11, 61
What are the prime factors of 49103?
49103
Wh